- 6*f + 509 - 499 + 8*f**3 - 20*f**3 + f + 2*f**2. Let j(g) = -g**3 - 7*g**2 - 6*g - 8. Let s be j(-6). What is d(s)?
-14
Let p(o) = 51*o + 10 - 47*o - 4. Let d be (-6)/9*(-12)/(-2). What is p(d)?
-10
Let q = 17 + -13. Suppose 4*y + 3*m = 69, -6*m = y - m + q. Let k(r) = -4*r**2 + r**2 + y - 17 + r**3. Give k(3).
4
Let r(h) = -h**2 + 16*h - 34. Let x(s) = -s**2 + 15*s - 38. Let c(w) = 4*r(w) - 3*x(w). Calculate c(16).
26
Let x be (-8 + 5)/((-24)/248). Let v(l) = 2*l**2 - 68*l + 184. Let o be v(x). Let h(r) = 0*r**2 - 3*r - 2*r**2 + r**2 - 2. Determine h(o).
0
Let n(o) be the first derivative of o**4/4 - 7*o**3/3 + 3*o**2/2 + 2*o - 2. Suppose z = 3, 81*z = 2*b + 78*z - 3. Calculate n(b).
-16
Let n be ((-1402)/13 - -1) + 60/(-390). Let q = n + 119. Suppose 0*x + x - 3*p + 5 = 0, -q = -3*p. Let d(g) = -g**2 + 8*g - 5. Calculate d(x).
2
Let p = 772 - 765. Let q(y) = y**2 - 6*y - 5. What is q(p)?
2
Let a(w) = -11*w + 103. Let x be a(-4). Let h be ((x/28)/7)/((-4)/16). Let b(j) = -j**2 - 3*j + 1. Calculate b(h).
1
Let t(g) = 3*g - 3. Let h be t(2). Suppose -h*r - 11 - 10 = 0. Let a be 4/3 - -1*r/21. Let z(j) = 6*j. What is z(a)?
6
Suppose -3*a - 4*t - 26 = 0, 4*t + 6 = 5*a + 28. Let y(o) = -11*o - 71. Give y(a).
-5
Let p(b) = b**3 + 7*b**2 - b - 10. Let f be p(-7). Suppose -4*q = -3*q - 3. Let g(r) = 2*r - 1 - r + r**q - 1 + 2*r + 3*r**2. What is g(f)?
-11
Let w = 58 + -52. Suppose i - 2 = 3*m, -w*m = 2*i - 4*m + 20. Let j(x) = -x**3 - 8*x**2 - 10*x - 22. Give j(i).
-1
Let x(z) = -40*z**2 - 3*z. Let a be x(-2). Let n = a + 148. Let b(g) = -g**3 - 8*g**2 - 9*g - 2. Determine b(n).
-20
Let s(i) = i**3 - 98*i + 6 - 48234*i**2 + 136*i + 48246*i**2. Give s(-6).
-6
Let j = -74 + 56. Let q(v) be the second derivative of -v**3/6 - 21*v**2/2 - 561*v. What is q(j)?
-3
Let p(w) = -866 - 2*w - 1208 + 2088. Suppose -5*z + 42 = -28. Determine p(z).
-14
Let f = -1241 + 1227. Let r(q) = -7*q - 95. Calculate r(f).
3
Let h be (-1 - -6*(-58)/(-87))*3. Let n(r) = 2*r - 2 - r**3 + 3*r - 2*r + 9*r**2. Determine n(h).
25
Let r(l) = l**2 + 29*l - 212. Let a(z) = -2*z**3 - 89*z**2 - 44*z - 35. Let u be a(-44). What is r(u)?
-2
Let w(d) = 8*d + 36 + 674*d**2 - 294*d**2 - 25*d - 379*d**2. Determine w(9).
-36
Let p(k) = 25*k + 43. Let t be 257/(-257) - (-2)/(-2). What is p(t)?
-7
Let k(n) be the first derivative of -n**5/120 + 52*n**3/3 - 127. Let t(y) be the third derivative of k(y). Give t(-7).
7
Let m(v) = 12*v - 50. Let k be m(5). Let x be (198/165)/((-4)/k). Let z(n) = -3*n**2 - 3*n + 4. Determine z(x).
-14
Let y(a) = -a**3 + 7*a**2 - 8*a + 5. Let s(i) = -i**2 + i - 1. Let q(k) = -3*s(k) - y(k). Let j = -133 - -136. Determine q(j).
4
Let j(l) = 2*l**3 + 24*l**2 + 78*l + 27. Let w be j(-6). Let k(f) = -f**2 - 12*f + 12. Give k(w).
39
Let u = -570 + 574. Let j(f) = -5*f**2 - 7*f + 8*f**2 - u*f**3 + 6*f**2 - 4*f**2 + 3*f**3 + 5. Calculate j(4).
-7
Let z(n) = -n - 4. Suppose p + 10 = 4*i - 0*i, 5*p + 6 = -2*i. Let h(w) = -5*w**2 + 4*w. Let f be h(i). Let a be 8/f*(-6)/4 + 2. Calculate z(a).
-7
Let f(q) be the first derivative of -37*q**2/2 - 300*q - 7942. What is f(-8)?
-4
Let r(h) be the third derivative of h**5/60 - h**4/3 - h**3/2 + h**2 - 1127*h. Calculate r(6).
-15
Let h(p) be the third derivative of -p**5/60 - 5*p**4/24 + 17*p**3/3 - 92*p**2 + 34*p. Give h(-14).
-92
Let s(c) be the third derivative of -1/3*c**3 + 0*c - 7*c**2 - 1/24*c**4 + 0. Suppose -2*d - 2*d = 0. What is s(d)?
-2
Let o(q) = -8*q - 5. Let k(m) = -3*m - 2. Let a be 1*300/78 + (-6)/(-39). Let l(t) = a*o(t) - 12*k(t). Give l(5).
24
Let y(d) = -63*d**2 - 10*d + 5. Let v(k) = -24*k**2 - 4*k + 2. Let g(h) = -8*v(h) + 3*y(h). Calculate g(-2).
7
Let q(p) = p**2 + 6*p - 4. Let k(z) = -z**2 - 28*z - 33. Let t be (-30)/(-4)*378/(-105). Let i be k(t). Calculate q(i).
-4
Let p(y) be the second derivative of -y**4/6 + 4*y**3/3 - 3*y**2 - y. Let t(f) = 29 - 11*f - 34 + 53 + 23. Let c be t(6). Calculate p(c).
-16
Let r(a) be the first derivative of -a**4/2 - 29*a**3/3 - 6*a**2 + 20*a - 504. Determine r(-14).
-8
Let s(z) = 2*z**2 + 2*z - 4. Let m be s(-3). Let v(q) = -5*q**2 - 5*q + 5. Let x(u) = 12*u**2 + 16*u - 11. Let g(y) = 5*v(y) + 2*x(y). Calculate g(m).
-5
Let b(c) = 13*c**2 - 20*c + 23. Let f be (-9)/15 + (-440)/100. Let p(j) = 8*j**2 - 10*j + 12. Let q(m) = f*p(m) + 3*b(m). Give q(-11).
-2
Let l(b) be the first derivative of -20*b**2 - 62*b + 1766. Determine l(-2).
18
Let z(v) = -1. Let g(y) = -4*y + 1. Let b(d) = g(d) - 5*z(d). Let h be 9/(-12) - 7/(-4). Suppose t - 5*t + 3*i + h = 0, 4*t - i = 11. Give b(t).
-10
Let z(m) be the first derivative of -m**7/840 + m**6/120 + m**5/60 - m**4/12 + 46*m**3/3 + 78. Let b(r) be the third derivative of z(r). Calculate b(4).
-10
Let y(k) = -2*k**2 - 4*k - 2. Suppose -18*o - 3 = -57. Let m be (30/(-105))/(o*(-1)/(-21)). Determine y(m).
-2
Suppose 4*x + 98 = -254. Let y = x - -84. Let j(h) = h**3 + 2*h**2 - 2*h + 2. What is j(y)?
-22
Let j(q) be the third derivative of -q**4/24 - 16*q**3/3 - 1025*q**2. Give j(-23).
-9
Let f be (2 - (-10)/(-4))/(177/2832). Let r(g) = -g**3 - 7*g**2 + 10*g + 11. Give r(f).
-5
Suppose 390 = 125*q - 120*q. Let c = 83 - q. Let n be (-2)/c + (-32)/(-5). Let f(x) = -x**2 + 7*x - 4. What is f(n)?
2
Let y be 46/10 + (-6)/(-15). Let i = 4 - -891. Let t(v) = 5*v**2 - 1794*v**3 - 7 + i*v**3 + 4*v + 898*v**3. Determine t(y).
13
Let n(v) = 875*v**2 + 7 + v**3 + 48*v + 3 - 849*v**2. Give n(-24).
10
Let j(s) = -s - 3*s + s**3 - 2*s - 3*s**2 + 4*s. Let t = -21 - -40. Suppose 8*l - 5 = t. What is j(l)?
-6
Let k(v) = -v**3 + 17*v**2 + 40*v - 34. Let f be k(19). Let c(i) = f*i**2 + 698 - 706 - 3*i**2 - 3*i. What is c(6)?
10
Let t(j) = -14*j - 63 - 6*j + 12*j - 28*j - 11*j. Let n(q) = 16*q + 23. Let m(s) = 11*n(s) + 4*t(s). Calculate m(-1).
13
Suppose -3*c + 416 = 2*j - 5*c, 4*c = -3*j + 624. Let y = -213 + j. Let p(g) = g**2 + 5*g - 2. Calculate p(y).
-2
Let s(k) = -k + 9. Suppose -431*b + 438*b - 2604 = 0. Let j = b - 359. Give s(j).
-4
Let j be (-46)/10 - (-20)/(-50). Let g(a) be the third derivative of -a**4/24 - a**3/2 - 19*a**2. What is g(j)?
2
Let l(o) = -o**2 + 6*o. Let y = 648 - 645. What is l(y)?
9
Let m = -613 - -615. Let j(f) = f**m + 8*f - 11*f - 8*f - 9. Determine j(12).
3
Let p(z) = z - 48 + 0*z**2 - 11*z**2 + 0*z**3 + z - z**3 + 20*z**2. Calculate p(8).
32
Let f be (-35)/(-3) - -11 - 2/(-6). Suppose -f*c - 123 = 222. Let r(b) = -b**2 - 15*b. What is r(c)?
0
Let g(h) be the first derivative of h**5/4 - h**4/12 + h**3/6 + 5*h**2/2 + h + 38. Let f(r) be the second derivative of g(r). What is f(1)?
14
Let t(q) = -188 + 42 + 147 + 11*q**3. Give t(-1).
-10
Let o(u) = 4*u + 23. Let x(t) = t**3 - 11*t**2 - 1. Let c be x(11). Let z be (c/1)/(3/21). Let s be o(z). Let q(p) = p**2 + 6*p - 5. Determine q(s).
-10
Let j(g) = 5*g**3 - 6*g**2 + 2*g**2 - 4*g**3 + 10812*g - 10807*g - 8. What is j(4)?
12
Let u(p) = 63*p**3 - 4 + 18 + 7*p**2 + 54*p**3 - 116*p**3 - 3*p + 4*p. Give u(-7).
7
Let n(i) = -i**3 - 12*i**2 - i - 1. Let c(o) be the second derivative of o**4/12 - 13*o**3/6 - 30*o**2 + o - 16. Let j be c(16). Give n(j).
11
Let c(i) = -2*i**2 - 7*i + 4. Let f(s) be the first derivative of -s**4/4 + 8*s**3/3 - 17*s**2/2 + 24*s - 7. Let g be f(6). Determine c(g).
-26
Let l(g) be the third derivative of g**5/30 + g**3/3 - 75*g**2. Let s(w) = -w**3 - 8*w**2 - 8*w - 10. Let h be s(-7). Give l(h).
20
Suppose -5*t = -m - 26, -3*m + 3*t - 30 = -12. Let w(c) = c. Let q(y) = -13*y. Let j(z) = -q(z) - 26*w(z). Calculate j(m).
13
Let y = -23 + 13. Let z(h) = -76*h - 57*h + 272*h - 70*h - 3 - 68*h + 12. Give z(y).
-1
Let y(o) = -291 - 252 - 5*o + 564 - o**2. What is y(-7)?
7
Suppose 12 = x + 2*x. Let c(w) = 46390 + w - 92771 + 46386. Let l(s) = 1. Let b(y) = x*l(y) + c(y). Determine b(-6).
3
Let q(c) be the second derivative of c**4/12 - c**3/6 - c**2 - 22*c. Let i = 12866 - 12863. Give q(i).
4
Let s(u) be the second derivative of -3 + 0*u**2 + 2/3*u**3 + 54*u. Calculate s(1).
4
Let a be (-66)/2 + 12 + 1*342/(-18). Let k(n) = 9*n**2 + 359*n - 45. Give k(a).
-5
Let i(q) = q + 4. Let j = 0 + 2. Suppose -3*f - 27 = -j*m + 5*m, -3*m + 5*f + 5 = 0. Calculate i(m).
-1
Let l(k) = -k**3 - 7*k**2 + 7*k + 3. Suppose -56 = 27534*h - 27527*h. Calculate l(h).
11
Let d be (0 + (-